{"id":92,"date":"2024-11-09T23:47:08","date_gmt":"2024-11-09T22:47:08","guid":{"rendered":"http:\/\/192.168.20.111\/?page_id=92"},"modified":"2024-11-18T17:38:19","modified_gmt":"2024-11-18T16:38:19","slug":"pizza","status":"publish","type":"page","link":"https:\/\/usester.cz\/?page_id=92","title":{"rendered":"Pizza"},"content":{"rendered":"\n<hr class=\"wp-block-separator has-alpha-channel-opacity is-style-wide\"\/>\n\n\n\n<h2 class=\"wp-block-heading\">1. Margheritta<\/h2>\n\n\n\n<p>Pomodoro, S\u00fdr (1,7,12)<\/p>\n\n\n\n<h3 class=\"wp-block-heading has-text-align-right\">Cena 124 K\u010d \/ 32cm<\/h3>\n\n\n\n<hr class=\"wp-block-separator has-alpha-channel-opacity is-style-default\"\/>\n\n\n\n<h2 class=\"wp-block-heading\">2. Hawai<\/h2>\n\n\n\n<p>Pomodoro, S\u00fdr, \u0160unka, Ananas (1,7,12)<\/p>\n\n\n\n<h3 class=\"wp-block-heading has-text-align-right\">Cena 154 K\u010d \/ 32cm<\/h3>\n\n\n\n<hr class=\"wp-block-separator has-alpha-channel-opacity is-style-default\"\/>\n\n\n\n<h2 class=\"wp-block-heading\">3. Dolce Vita<\/h2>\n\n\n\n<p>Pomodoro, S\u00fdr, Kuku\u0159ice, \u0160unka (1,7,12)<\/p>\n\n\n\n<h3 class=\"wp-block-heading has-text-align-right\">Cena 154 K\u010d \/ 32cm<\/h3>\n\n\n\n<hr class=\"wp-block-separator has-alpha-channel-opacity is-style-default\"\/>\n\n\n\n<h2 class=\"wp-block-heading\">4. \u0160unkov\u00e1<\/h2>\n\n\n\n<p>Pomodoro, S\u00fdr, \u0160unka (1,7,12)<\/p>\n\n\n\n<h3 class=\"wp-block-heading has-text-align-right\">Cena 154 K\u010d \/ 32cm<\/h3>\n\n\n\n<hr class=\"wp-block-separator has-alpha-channel-opacity is-style-default\"\/>\n\n\n\n<h2 class=\"wp-block-heading\">5. Prosciutto Deluxe<\/h2>\n\n\n\n<p>Pomodoro, S\u00fdr, Italian Prosciutto, Rukola sal\u00e1t, Parmaz\u00e1n, \u010cesnekov\u00fd olej, Olivy (1,7,12)<\/p>\n\n\n\n<h3 class=\"wp-block-heading has-text-align-right\">Cena 174 K\u010d \/ 32cm<\/h3>\n\n\n\n<hr class=\"wp-block-separator has-alpha-channel-opacity is-style-default\"\/>\n\n\n\n<h2 class=\"wp-block-heading\">6. Sester Diabolo<\/h2>\n\n\n\n<p>Pomodoro, s\u00fdr, ku\u0159ec\u00ed maso, paprik\u00e1\u0161, paprika, chilli olej, jalape\u0148os (1,7,12)<\/p>\n\n\n\n<h3 class=\"wp-block-heading has-text-align-right\">Cena 184 K\u010d \/ 32cm<\/h3>\n\n\n\n<hr class=\"wp-block-separator has-alpha-channel-opacity is-style-default\"\/>\n\n\n\n<h2 class=\"wp-block-heading\">7. Pollo Alfredo<\/h2>\n\n\n\n<p>Smetanov\u00e1 om\u00e1\u010dka Alfredo, S\u00fdr, Ku\u0159ec\u00ed maso, \u0160pen\u00e1t, Vejce, \u010cesnekov\u00fd olej, Olivy (1,3,7,12)<\/p>\n\n\n\n<h3 class=\"wp-block-heading has-text-align-right\">Cena 184 K\u010d \/ 32cm<\/h3>\n\n\n\n<hr class=\"wp-block-separator has-alpha-channel-opacity is-style-default\"\/>\n\n\n\n<h2 class=\"wp-block-heading\">8. Tu\u0148\u00e1k<\/h2>\n\n\n\n<p>Smetanov\u00e1 om\u00e1\u010dka Alfredo, S\u00fdr, Tu\u0148\u00e1k, Kuku\u0159ice (1,4,7,12)<\/p>\n\n\n\n<h3 class=\"wp-block-heading has-text-align-right\">Cena 164 K\u010d \/ 32cm<\/h3>\n\n\n\n<hr class=\"wp-block-separator has-alpha-channel-opacity is-style-default\"\/>\n\n\n\n<h2 class=\"wp-block-heading\">9. Tutte Le Carni<\/h2>\n\n\n\n<p>Pomodoro, S\u00fdr, \u0160unka, Paprik\u00e1\u0161, Anglick\u00e1 slanina, Ku\u0159ec\u00ed maso, Klob\u00e1sa<\/p>\n\n\n\n<h3 class=\"wp-block-heading has-text-align-right\">Cena 184 K\u010d \/ 32cm<\/h3>\n\n\n\n<hr class=\"wp-block-separator has-alpha-channel-opacity is-style-default\"\/>\n\n\n\n<h2 class=\"wp-block-heading\">10. \u0160unka a \u017dampiony<\/h2>\n\n\n\n<p>Pomodoro, S\u00fdr, \u0160unka, \u017dampiony<\/p>\n\n\n\n<h3 class=\"wp-block-heading has-text-align-right\">Cena 154 K\u010d \/ 32cm<\/h3>\n\n\n\n<hr class=\"wp-block-separator has-alpha-channel-opacity is-style-default\"\/>\n\n\n\n<h2 class=\"wp-block-heading\">11. Anglick\u00e1 Sn\u00eddan\u011b<\/h2>\n\n\n\n<p>Pomodoro, S\u00fdr, Anglick\u00e1 slanina, Klob\u00e1sa, Raj\u010data, Vejce, Cibule, \u017dampiony (1,7,12)<\/p>\n\n\n\n<h3 class=\"wp-block-heading has-text-align-right\">Cena 174 K\u010d \/ 32cm<\/h3>\n\n\n\n<hr class=\"wp-block-separator has-alpha-channel-opacity is-style-default\"\/>\n\n\n\n<h2 class=\"wp-block-heading\">12. Paprik\u00e1\u0161<\/h2>\n\n\n\n<p>Pomodoro, S\u00fdr, Paprik\u00e1\u0161, Chilli olej (1,7,12)<\/p>\n\n\n\n<h3 class=\"wp-block-heading has-text-align-right\">Cena 164 K\u010d \/ 32cm<\/h3>\n\n\n\n<hr class=\"wp-block-separator has-alpha-channel-opacity is-style-default\"\/>\n\n\n\n<h2 class=\"wp-block-heading\">13. Super Formaggio<\/h2>\n\n\n\n<p>Pomodoro, Mozarella, Niva, Cheddar, Eidam (1,7,12)<\/p>\n\n\n\n<h3 class=\"wp-block-heading has-text-align-right\">Cena 154 K\u010d \/ 32cm<\/h3>\n\n\n\n<hr class=\"wp-block-separator has-alpha-channel-opacity is-style-default\"\/>\n\n\n\n<h2 class=\"wp-block-heading\">14. Pizza na p\u0159\u00e1n\u00ed<\/h2>\n\n\n\n<p>Pomodoro, S\u00fdr a 4 p\u0159\u00edsady dle v\u00fdb\u011bru (1,7,12)<\/p>\n\n\n\n<h3 class=\"wp-block-heading has-text-align-right\">Cena 194 K\u010d \/ 32cm<\/h3>\n\n\n\n<hr class=\"wp-block-separator has-alpha-channel-opacity is-style-default\"\/>\n\n\n\n<h2 class=\"wp-block-heading\">15. Solo Mio<\/h2>\n\n\n\n<p>Pomodoro, S\u00fdr, Anglick\u00e1 slanina, \u0160unka, Cibule, Niva, Kuku\u0159ice (1,7,12)<\/p>\n\n\n\n<h3 class=\"wp-block-heading has-text-align-right\">Cena 164 K\u010d \/ 32cm<\/h3>\n\n\n\n<hr class=\"wp-block-separator has-alpha-channel-opacity is-style-default\"\/>\n\n\n\n<h2 class=\"wp-block-heading\">16. Moravsk\u00e1<\/h2>\n\n\n\n<p>Pomodoro, S\u00fdr, Paprik\u00e1\u0161, Vyso\u010dina, Anglick\u00e1 slanina, \u0160unka, Kuku\u0159ice (1,7,12)<\/p>\n\n\n\n<h3 class=\"wp-block-heading has-text-align-right\">Cena 174 K\u010d \/ 32cm<\/h3>\n\n\n\n<hr class=\"wp-block-separator has-alpha-channel-opacity is-style-default\"\/>\n\n\n\n<h2 class=\"wp-block-heading\">17. Mexick\u00e1<\/h2>\n\n\n\n<p>Pomodoro, S\u00fdr, Anglick\u00e1 slanina, \u0160unka, Beran\u00ed rohy, cibule, Chilli, Hr\u00e1\u0161ek, Kuku\u0159ice (1,7,12)<\/p>\n\n\n\n<h3 class=\"wp-block-heading has-text-align-right\">Cena 174 K\u010d \/ 32cm<\/h3>\n\n\n\n<hr class=\"wp-block-separator has-alpha-channel-opacity is-style-default\"\/>\n\n\n\n<h2 class=\"wp-block-heading\">18. Ban\u00edk<\/h2>\n\n\n\n<p>Pomodoro, S\u00fdr, \u0160unka, Kuku\u0159ice, Chilli, Uzen\u00fd eidam, Paprika (1,7,12)<\/p>\n\n\n\n<h3 class=\"wp-block-heading has-text-align-right\">Cena 164 K\u010d \/ 32cm<\/h3>\n\n\n\n<hr class=\"wp-block-separator has-alpha-channel-opacity is-style-default\"\/>\n\n\n\n<h2 class=\"wp-block-heading\">19. Ostravsk\u00e1<\/h2>\n\n\n\n<p>Pomodoro, S\u00fdr, Anglick\u00e1 slanina, \u0160unka, Klob\u00e1sa, Vejce, Koz\u00ed rohy (1,3,7,12)<\/p>\n\n\n\n<h3 class=\"wp-block-heading has-text-align-right\">Cena 174 K\u010d \/ 32cm<\/h3>\n\n\n\n<hr class=\"wp-block-separator has-alpha-channel-opacity is-style-default\"\/>\n\n\n\n<h2 class=\"wp-block-heading\">20. Rychvaldsk\u00e1<\/h2>\n\n\n\n<p>Pomodoro, S\u00fdr, \u0160unka, Camembert, Niva, Vyso\u010dina, Klob\u00e1sa, \u010cesnek, Cibule (1,7,12)<\/p>\n\n\n\n<h3 class=\"wp-block-heading has-text-align-right\">Cena 174 K\u010d \/ 32cm<\/h3>\n\n\n\n<hr class=\"wp-block-separator has-alpha-channel-opacity is-style-default\"\/>\n\n\n\n<h2 class=\"wp-block-heading\">21. 5 Druh\u016f Sal\u00e1m\u016f<\/h2>\n\n\n\n<p>Pomodoro, S\u00fdr, \u0160unka, Vyso\u010dina, Anglick\u00e1 slanina, Klob\u00e1sa, Paprik\u00e1\u0161, Koz\u00ed rohy (1,7,12)<\/p>\n\n\n\n<h3 class=\"wp-block-heading has-text-align-right\">Cena 184 K\u010d \/ 32cm<\/h3>\n\n\n\n<hr class=\"wp-block-separator has-alpha-channel-opacity is-style-default\"\/>\n\n\n\n<h2 class=\"wp-block-heading\">22. Vegetari\u00e1nsk\u00e1<\/h2>\n\n\n\n<p>Pomodoro, S\u00fdr, Paprika, Raj\u010de, \u017dampi\u00f3ny, Cibule, Kuku\u0159ice, Olivy, Vejce (1,7,12)<\/p>\n\n\n\n<h3 class=\"wp-block-heading has-text-align-right\">Cena 174 K\u010d \/ 32cm<\/h3>\n\n\n\n<hr class=\"wp-block-separator has-alpha-channel-opacity is-style-default\"\/>\n\n\n\n<h2 class=\"wp-block-heading\">23. Quattro Formaggi<\/h2>\n\n\n\n<p>Smetanov\u00e1 om\u00e1\u010dka Alfredo, Eidam, Camembert, Niva, Uzen\u00fd s\u00fdr (1,7,12)<\/p>\n\n\n\n<h3 class=\"wp-block-heading has-text-align-right\">Cena 174 K\u010d \/ 32cm<\/h3>\n\n\n\n<hr class=\"wp-block-separator has-alpha-channel-opacity is-style-default\"\/>\n\n\n\n<h2 class=\"wp-block-heading\">24. Gul\u00e1\u0161ov\u00e1<\/h2>\n\n\n\n<p>Hov\u011bz\u00ed gul\u00e1\u0161, Cibule, Jalape\u0148os (1,12)<\/p>\n\n\n\n<h3 class=\"wp-block-heading has-text-align-right\">Cena 174 K\u010d \/ 32cm<\/h3>\n\n\n\n<hr class=\"wp-block-separator has-alpha-channel-opacity is-style-default\"\/>\n\n\n\n<h2 class=\"wp-block-heading\">25. \u0160pen\u00e1tov\u00e1<\/h2>\n\n\n\n<p>Pomodoro, S\u00fdr, \u0160pen\u00e1t (1,7,12)<\/p>\n\n\n\n<h3 class=\"wp-block-heading has-text-align-right\">Cena 164 K\u010d \/ 32cm<\/h3>\n\n\n\n<hr class=\"wp-block-separator has-alpha-channel-opacity is-style-default\"\/>\n\n\n\n<h2 class=\"wp-block-heading\">26. Karant\u00e9na<\/h2>\n\n\n\n<p>Pomodoro, S\u00fdr, Slanina, Hermel\u00edn, \u010cesnek, Tvar\u016f\u017eky, Klob\u00e1sa, \u010cerven\u00e1 cibule, Chilli (1,7,12)<\/p>\n\n\n\n<h3 class=\"wp-block-heading has-text-align-right\">Cena 194 K\u010d \/ 32cm<\/h3>\n\n\n\n<hr class=\"wp-block-separator has-alpha-channel-opacity is-style-default\"\/>\n\n\n\n<h2 class=\"wp-block-heading\">27. Ma\u0148as<\/h2>\n\n\n\n<p>Smetanov\u00e1 om\u00e1\u010dka Alfredo, S\u00fdr, Klob\u00e1sa, Anglick\u00e1 slanina, Vejce, Kuku\u0159ice, Brokolice, Cibuke, Hermel\u00edn (1,3,7,12)<\/p>\n\n\n\n<h3 class=\"wp-block-heading has-text-align-right\">Cena 214 K\u010d \/ 32cm<\/h3>\n\n\n\n<hr class=\"wp-block-separator has-alpha-channel-opacity is-style-default\"\/>\n\n\n\n<h2 class=\"wp-block-heading\">28. Vep\u0159ov\u00e1 s Trhan\u00fdm Masem<\/h2>\n\n\n\n<p>Smetanov\u00e1 om\u00e1\u010dka Alfredo, S\u00fdr, Vep\u0159ov\u00e9 maso,\u010cerven\u00e1 cibule, Paprik\u00e1\u0161, Klob\u00e1sa, Camembert<br> (1,7,12)<\/p>\n\n\n\n<h3 class=\"wp-block-heading has-text-align-right\">Cena 184 K\u010d \/ 32cm<\/h3>\n\n\n\n<hr class=\"wp-block-separator has-alpha-channel-opacity is-style-default\"\/>\n\n\n\n<h2 class=\"wp-block-heading\">29. Pizza Vlasta<\/h2>\n\n\n\n<p>Pomodoro, S\u00fdr, Niva, \u0160unka, Paprika, Cibule, Kuku\u0159ice (1,7,12)<\/p>\n\n\n\n<h3 class=\"wp-block-heading has-text-align-right\">Cena 174 K\u010d \/ 32cm<\/h3>\n\n\n\n<hr class=\"wp-block-separator has-alpha-channel-opacity is-style-default\"\/>\n\n\n\n<h2 class=\"wp-block-heading\">30. \u010certova Pizza<\/h2>\n\n\n\n<p>Pomodoro, S\u00fdr, Paprik\u00e1\u0161, Slanina, Koz\u00ed rohy, Klob\u00e1sa, Chilli Olej (1,7,12)<\/p>\n\n\n\n<h3 class=\"wp-block-heading has-text-align-right\">Cena 184 K\u010d \/ 32cm<\/h3>\n\n\n\n<hr class=\"wp-block-separator has-alpha-channel-opacity is-style-wide\"\/>\n\n\n\n<ul class=\"wp-block-list\">\n<li>Okraje pizzy pln\u011bn\u00e9 S\u00fdrem +23 K\u010d<\/li>\n\n\n\n<li>Okraje pizzy pln\u011bn\u00e9 Slaninou +18 K\u010d<\/li>\n\n\n\n<li>Okraje pizzy pln\u011bn\u00e9 Tvar\u016f\u017ekama, Camembert +40 K\u010d<\/li>\n<\/ul>\n\n\n\n<ul class=\"wp-block-list\">\n<li>Zm\u011bna Pomodoro na Smetanu +25 K\u010d<\/li>\n\n\n\n<li>Ka\u017ed\u00e1 dal\u0161\u00ed p\u0159\u00edsada p\u0159\u00edplatek +20 K\u010d<\/li>\n\n\n\n<li>Ku\u0159ec\u00ed maso +30 K\u010d<\/li>\n<\/ul>\n\n\n\n<ul class=\"wp-block-list\">\n<li>Bezlepkov\u00e1 pizza +45 K\u010d <\/li>\n<\/ul>\n\n\n\n<ul class=\"wp-block-list\">\n<li>Krabice na pizzu 18 K\u010d<\/li>\n\n\n\n<li>Zabalen\u00ed 15 K\u010d<\/li>\n<\/ul>\n\n\n\n<blockquote class=\"wp-block-quote is-layout-flow wp-block-quote-is-layout-flow\">\n<p class=\"has-text-align-center\">Na\u0161e bezlepkov\u00e9 t\u011bsto p\u0159ipravujeme z \u010derstv\u00e9ho t\u011bsta na m\u00edru ka\u017ed\u00e9 objedn\u00e1vce. <br>Proto pros\u00edm o trochu del\u0161\u00ed trp\u011blivost &#8211; odm\u011bnou v\u00e1m bude prvot\u0159\u00eddn\u00ed chu\u0165. <br>Pr\u016fm\u011brn\u00fd \u010das \u010dek\u00e1n\u00ed na bezlepkovou pizzu 1.5 h  . <br>D\u011bkujeme  <\/p>\n<\/blockquote>\n","protected":false},"excerpt":{"rendered":"<p>1. Margheritta Pomodoro, S\u00fdr (1,7,12) Cena 124 K\u010d \/ 32cm 2. Hawai Pomodoro, S\u00fdr, \u0160unka, Ananas (1,7,12) Cena 154 K\u010d \/ 32cm 3. Dolce Vita Pomodoro, S\u00fdr, Kuku\u0159ice, \u0160unka (1,7,12) Cena 154 K\u010d \/ 32cm 4. \u0160unkov\u00e1 Pomodoro, S\u00fdr, \u0160unka &hellip; <a href=\"https:\/\/usester.cz\/?page_id=92\">Cel\u00fd p\u0159\u00edsp\u011bvek <span class=\"meta-nav\">&rarr;<\/span><\/a><\/p>\n","protected":false},"author":1,"featured_media":0,"parent":0,"menu_order":2,"comment_status":"closed","ping_status":"closed","template":"onecolumn-page.php","meta":{"footnotes":""},"class_list":["post-92","page","type-page","status-publish","hentry"],"_links":{"self":[{"href":"https:\/\/usester.cz\/index.php?rest_route=\/wp\/v2\/pages\/92","targetHints":{"allow":["GET"]}}],"collection":[{"href":"https:\/\/usester.cz\/index.php?rest_route=\/wp\/v2\/pages"}],"about":[{"href":"https:\/\/usester.cz\/index.php?rest_route=\/wp\/v2\/types\/page"}],"author":[{"embeddable":true,"href":"https:\/\/usester.cz\/index.php?rest_route=\/wp\/v2\/users\/1"}],"replies":[{"embeddable":true,"href":"https:\/\/usester.cz\/index.php?rest_route=%2Fwp%2Fv2%2Fcomments&post=92"}],"version-history":[{"count":23,"href":"https:\/\/usester.cz\/index.php?rest_route=\/wp\/v2\/pages\/92\/revisions"}],"predecessor-version":[{"id":240,"href":"https:\/\/usester.cz\/index.php?rest_route=\/wp\/v2\/pages\/92\/revisions\/240"}],"wp:attachment":[{"href":"https:\/\/usester.cz\/index.php?rest_route=%2Fwp%2Fv2%2Fmedia&parent=92"}],"curies":[{"name":"wp","href":"https:\/\/api.w.org\/{rel}","templated":true}]}}